{"id":88,"date":"2009-01-23T17:26:30","date_gmt":"2009-01-23T16:26:30","guid":{"rendered":"http:\/\/www.dergaukler.de\/wordpress\/?page_id=88"},"modified":"2009-02-18T11:21:06","modified_gmt":"2009-02-18T10:21:06","slug":"die-stelzenmanner","status":"publish","type":"page","link":"http:\/\/www.dergaukler.de\/wordpress\/?page_id=88","title":{"rendered":"Die&nbsp;Stelzenm\u00e4nner"},"content":{"rendered":"<p><a href=\"http:\/\/www.dergaukler.de\/wordpress\/wp-content\/uploads\/2009\/01\/ramirs9911.jpg\"><img decoding=\"async\" loading=\"lazy\" class=\"alignright size-medium wp-image-149\" title=\"ramirs9911\" src=\"http:\/\/www.dergaukler.de\/wordpress\/wp-content\/uploads\/2009\/01\/ramirs9911-223x300.jpg\" alt=\"ramirs9911\" width=\"223\" height=\"300\" srcset=\"http:\/\/www.dergaukler.de\/wordpress\/wp-content\/uploads\/2009\/01\/ramirs9911-223x300.jpg 223w, http:\/\/www.dergaukler.de\/wordpress\/wp-content\/uploads\/2009\/01\/ramirs9911-762x1024.jpg 762w, http:\/\/www.dergaukler.de\/wordpress\/wp-content\/uploads\/2009\/01\/ramirs9911.jpg 1028w\" sizes=\"(max-width: 223px) 100vw, 223px\" \/><\/a>Als Elegante Riesen sind Ralf der Gaukler und Mimo dem Himmel ein St\u00fcckchen n\u00e4her- und doch mitten im Publikum.<\/p>\n<p>Un\u00fcbersehbar f\u00fcr alle schauen sie sich das Treiben von h\u00f6herer Warte aus an, sind mal hier und mal dort unterwegs. Charmant und frech suchen sie den Kontakt zu den G\u00e4sten, immer ein paar Jonglierb\u00e4lle griffbereit, die sie sich in luftigen H\u00f6hen zuwerfen. Da darf das Publikum staunen und sich wundern, denn schlie\u00dflich sieht man von da oben so manches,was man den Erdlingen berichten kann&#8230;<\/p>\n<p><a href=\"http:\/\/www.morami.de\/variationstelz.htm\" target=\"_blank\">Variationen<\/a> bitte anklicken<\/p>\n<p>Die Stelzenm\u00e4nner- immer ein Blickfang auf Stadtfesten, Werbeveranstaltungen, Gesch\u00e4ftser\u00f6ffnungen, Messen, und und &#8230;<\/p>\n<p>Giveaways, Prospekte ect. k\u00f6nnen w\u00e4hrend der Animation verteilt werden<\/p>\n<p>Die Stelzenm\u00e4nner sind kombinierbar mit Jonglage- und Artistik- Pr\u00e4sentationen von Ralf dem Gaukler und Mimo oder auch vom kompletten Trio MoRaMi.<\/p>\n","protected":false},"excerpt":{"rendered":"<p>Als Elegante Riesen sind Ralf der Gaukler und Mimo dem Himmel ein St\u00fcckchen n\u00e4her- und doch mitten im Publikum. Un\u00fcbersehbar f\u00fcr alle schauen sie sich das Treiben von h\u00f6herer Warte aus an, sind mal hier und mal dort unterwegs. Charmant und frech suchen sie den Kontakt zu den G\u00e4sten, immer ein paar Jonglierb\u00e4lle griffbereit, die [&hellip;]<\/p>\n","protected":false},"author":1,"featured_media":0,"parent":30,"menu_order":4,"comment_status":"open","ping_status":"open","template":"","meta":[],"_links":{"self":[{"href":"http:\/\/www.dergaukler.de\/wordpress\/index.php?rest_route=\/wp\/v2\/pages\/88"}],"collection":[{"href":"http:\/\/www.dergaukler.de\/wordpress\/index.php?rest_route=\/wp\/v2\/pages"}],"about":[{"href":"http:\/\/www.dergaukler.de\/wordpress\/index.php?rest_route=\/wp\/v2\/types\/page"}],"author":[{"embeddable":true,"href":"http:\/\/www.dergaukler.de\/wordpress\/index.php?rest_route=\/wp\/v2\/users\/1"}],"replies":[{"embeddable":true,"href":"http:\/\/www.dergaukler.de\/wordpress\/index.php?rest_route=%2Fwp%2Fv2%2Fcomments&post=88"}],"version-history":[{"count":10,"href":"http:\/\/www.dergaukler.de\/wordpress\/index.php?rest_route=\/wp\/v2\/pages\/88\/revisions"}],"predecessor-version":[{"id":92,"href":"http:\/\/www.dergaukler.de\/wordpress\/index.php?rest_route=\/wp\/v2\/pages\/88\/revisions\/92"}],"up":[{"embeddable":true,"href":"http:\/\/www.dergaukler.de\/wordpress\/index.php?rest_route=\/wp\/v2\/pages\/30"}],"wp:attachment":[{"href":"http:\/\/www.dergaukler.de\/wordpress\/index.php?rest_route=%2Fwp%2Fv2%2Fmedia&parent=88"}],"curies":[{"name":"wp","href":"https:\/\/api.w.org\/{rel}","templated":true}]}}